12.
26565
What is 2785 (base 13) in base 4?
1120312
What is -c373 (base 16) in base 8?
-141563
-16601 (base 7) to base 9
-6462
What is -111111000111011 (base 2) in base 14?
-bac3
20220 (base 7) to base 10
4914
Convert -17070 (base 8) to base 5.
-221421
What is 111276 (base 8) in base 7?
214344
What is -131 (base 14) in base 4?
-3233
Convert 4061 (base 7) to base 6.
10315
bc (base 16) to base 12
138
1017 (base 12) to base 11
1349
14403 (base 9) to base 14
3804
Convert 2401 (base 7) to base 2.
1101110011
47a (base 11) to base 8
1073
43502 (base 6) to base 4
1131332
1c33 (base 14) to base 13
2456
What is 33014 (base 8) in base 7?
55224
Convert -30115 (base 6) to base 15.
-1275
3741 (base 14) to base 3
111020211
-10111100110110 (base 2) to base 11
-9098
What is -100101111 (base 2) in base 14?
-179
-1244 (base 6) to base 7
-631
-11110011011 (base 2) to base 15
-89c
-716 (base 10) to base 8
-1314
-12a8 (base 11) to base 14
-88b
What is -40c7 (base 16) in base 4?
-10003013
-6951 (base 13) to base 2
-11100110110001
948 (base 12) to base 6
10132
-528 (base 13) to base 12
-613
What is -222 (base 8) in base 11?
-123
Convert -1608 (base 10) to base 3.
-2012120
What is -17424 (base 10) in base 3?
-212220100
Convert -7003 (base 8) to base 3.
-11220212
What is 64a (base 11) in base 15?
370
Convert -1001120000 (base 3) to base 15.
-627c
21032 (base 5) to base 6
10240
What is -101100111 (base 2) in base 5?
-2414
Convert -382 (base 15) to base 3.
-1002112
What is -10020110 (base 3) in base 7?
-6612
-434241 (base 6) to base 4
-20301301
-135060 (base 7) to base 5
-1311032
What is 131331 (base 4) in base 6?
12513
Convert -1634 (base 15) to base 4.
-1022212
454 (base 9) to base 11
30a
Convert -1101001001101110 (base 2) to base 12.
-27212
-22002221 (base 4) to base 9
-62368
Convert -9342 (base 15) to base 8.
-74610
What is -815 (base 16) in base 10?
-2069
What is -449 (base 16) in base 8?
-2111
What is 20304 (base 6) in base 2?
101010010000
Convert -134514 (base 6) to base 2.
-11000110101110
1000010110101 (base 2) to base 11
3239
Convert 1424 (base 6) to base 9.
457
What is -7372 (base 11) in base 13?
-4599
-1632 (base 16) to base 14
-20dc
What is 5b8 (base 14) in base 11?
949
2776 (base 12) to base 9
6220
141353 (base 6) to base 15
3e2c
-46324 (base 7) to base 5
-334302
What is -133300 (base 4) in base 9?
-2707
Convert -3050 (base 10) to base 8.
-5752
What is 1202011111 (base 3) in base 12?
17a94
What is -1303 (base 9) in base 2?
-1111001111
Convert -202120022 (base 3) to base 6.
-153225
What is 70a0 (base 13) in base 12?
8b85
What is 11322 (base 4) in base 3?
112000
-10010 (base 3) to base 12
-70
-14a7 (base 14) to base 7
-13500
What is -1404c (base 14) in base 6?
-1020552
-10474 (base 8) to base 5
-120122
What is 1404 (base 7) in base 2?
1000011111
What is 806c (base 13) in base 5?
1031131
Convert 5c6f (base 16) to base 5.
1224123
What is 7878 (base 10) in base 7?
31653
-d364 (base 15) to base 3
-2021020111
What is -1c3a (base 16) in base 10?
-7226
What is -95 (base 12) in base 3?
-11012
Convert 1405 (base 7) to base 10.
544
Convert -1132020 (base 4) to base 6.
-43520
What is 5904 (base 14) in base 3?
210020122
-1c56a (base 13) to base 8
-155062
765 (base 9) to base 16
272
What is -21683 (base 11) in base 14?
-b650
Convert -1001110011 (base 2) to base 5.
-10002
Convert -1126 (base 7) to base 3.
-120021
10100130 (base 4) to base 7
101556
What is -44332 (base 5) in base 4?
-300110
What is -400 (base 5) in base 8?
-144
2483 (base 11) to base 14
1273
Convert -666 (base 9) to base 10.
-546
Convert -114140 (base 6) to base 16.
-270c
Convert -1355 (base 6) to base 2.
-101100111
What is -1011001001101 (base 2) in base 9?
-7743
-1035 (base 13) to base 10
-2241
What is 18974 (base 11) in base 3?
1100021222
Convert 354 (base 13) to base 4.
21000
15302 (base 10) to base 15
4802
Convert -4152 (base 6) to base 13.
-569
4d9 (base 16) to base 6
5425
Convert -10114344 (base 5) to base 14.
-220b0
-3b8 (base 12) to base 2
-1000111100
Convert -12322 (base 4) to base 5.
-3232
-22b9 (base 12) to base 3
-12022220
-153032 (base 6) to base 8
-35114
Convert -20104 (base 6) to base 12.
-1634
-9077 (base 11) to base 6
-131503
Convert -32120 (base 4) to base 5.
-12140
What is 4a0a (base 16) in base 5?
1101304
8167 (base 15) to base 7
142441
Convert 15163 (base 7) to base 13.
1bbb
What is 38c (base 14) in base 12?
4b4
Convert -6574 (base 8) to base 6.
-23552
What is -100001010101 (base 2) in base 7?
-6135
c3 (base 14) to base 12
123
Convert -11343 (base 6) to base 11.
-1268
What is 1222022201 (base 3) in base 10?
38872
Convert -5304 (base 7) to base 2.
-11101001010
Convert -110000011001101 (base 2) to base 11.
-17689
Convert 3ceb (base 16) to base 9.
23347
Convert -2020 (base 5) to base 7.
-521
Convert -21110102 (base 3) to base 16.
-153e
101011110 (base 3) to base 2
1110011110010
What is 6004 (base 7) in base 13?
c28
-33230 (base 4) to base 2
-1111101100
What is -64b (base 13) in base 6?
-4553
-dc53 (base 15) to base 8
-133075
712 (base 15) to base 7
4433
1462 (base 16) to base 12
302a
What is -1121313 (base 4) in base 6?
-42343
-4235 (base 8) to base 2
-100010011101
What is 578 (base 11) in base 15?
310
Convert 13177 (base 8) to base 5.
141014
Convert 43775 (base 9) to base 14.
a842
1301000 (base 4) to base 16
1c40
What is 9a7c (base 14) in base 5?
1324031
What is 666 (base 9) in base 2?
1000100010
-a863 (base 11) to base 5
-424342
2011233 (base 4) to base 10
8559
Convert 12221220 (base 3) to base 16.
10f8
-1c1 (base 14) to base 11
-302
Convert -10100011100111 (base 2) to base 13.
-49c6
-43311 (base 5) to base 9
-4044
What is 21303 (base 4) in base 9?
766
-131 (base 9) to base 12
-91
ca1b (base 14) to base 4
20201201
1210 (base 3) to base 2
110000
What is -a1e (base 15) in base 5?
-33104
-3975 (base 12) to base 8
-14651
-545b (base 12) to base 6
-110555
24120 (base 6) to base 3
11210210
What is 7532 (base 8) in base 14?
160a
65636 (base 9) to base 6
533310
Convert 133 (base 6) to base 13.
45
What is 174 (base 15) in base 11?
284
-1e2 (base 16) to base 11
-3a9
Convert -6614 (base 7) to base 9.
-3215
196 (base 14) to base 5
2303
448 (base 9) to base 11
305
Convert -8691 (base 15) to base 14.
-a54a
-77 (base 15) to base 16
-70
9382 (base 11) to base 8
30220
What is 2432 (base 5) in base 3?
111121
What is 6146 (base 11) in base 2?
1111111011101
What is 76b (base 14) in base 8?
2673
Convert 1021 (base 5) to base 11.
114
What is 434 (base 8) in base 4?
10130
1023003 (base 5) to base 4
10031211
Convert 5c33 (base 16) to base 15.
6ed8
-32021 (base 5) to base 14
-ac8
What is 341023 (base 5) in base 3?
121110221
What is 359 (base 14) in base 12?
477
-1cb (base 15) to base 11
-349
What is -100011011 (base 2) in base 4?
-10123
Convert 10346 (base 8) to base 10.
4326
What is 15aa (base 11) in base 12?
1234
798 (base 10) to base 14
410
Convert -849 (base 12) to base 7.
-3345
104 (base 15) to base 10
229
11100011001 (base 2) to base 16
719
What is -110001011000101 (base 2) in base 11?
-17aa7
Convert 147457 (base 8) to base 13.
1b1ac
What is -304 (base 13) in base 3?
-200221
-30033 (base 4) to base 14
-3dd
-191a (base 12) to base 8
-5746
-356 (base 12) to base 2
-111110010
What is 82 (base 12) in base 9?
118
-12210211 (base 3) to base 16
-108a
16688 (base 9) to base 4
2303231
104510 (base 6) to base 7
34506
-1214121 (base 5) to base 15
-6c5b
What is -10092 (base 10) in base 2?
-10011101101100
What is -16b71 (base 14) in base 6?
-1120303
What is -223 (base 4) in base 9?
-47
209 (base 13) to base 4
11123
What is 11132030 (base 4) in base 10?
22412
What is -400 (base 8) in base 5?
-2011
What is 16527 (base 8) in base 15?
235b
Convert -5a7b (base 13) to base 2.
-11000111101001
What is 360 (base 11) in base 2?
110101101
252 (base 7) to base 9
160
Convert 2121 (base 3) to base 12.
5a
What is 545 (base 8) in base 2?
101100101
What is 3310 (base 5) in base 16?
1c7
Convert -331 (base 13) to base 5.
-4142
What is d227 (base 15) in base 8?
126512
What is -102202120 (base 3) in base 9?
-12676
What is -8856 (base 12) in base 7?
-61566
What is -30761 (base 9) in base 5?
-1122210
What is 1771 (base 9) in base 5?
20420
Convert -31010000 (base 4) to base 2.
-1101000100000000
What is -200201220 (base 3) in base 14?
-4d